1001011?
-10000110110110000
In base 11, what is -1 - -6799848?
6799847
In base 13, what is 0 + -38b2a66?
-38b2a66
In base 4, what is -2222312320 - 11?
-2222312331
In base 11, what is -2 + -84842aa?
-8484301
In base 9, what is -20625067 + 6?
-20625061
In base 10, what is -32 + 1937147?
1937115
In base 11, what is -19 - -3163a9?
316390
In base 9, what is -17 - 1885?
-2013
In base 15, what is -7882eb + 14?
-7882d7
In base 3, what is -11222 - 1120201012110?
-1120201101102
In base 9, what is 3 + 2166471?
2166474
In base 6, what is -32 + 20233?
20201
In base 5, what is -12321440 + -1022?
-12323012
In base 5, what is -21232211 - -2331?
-21224330
In base 4, what is 2231233011233 - 10?
2231233011223
In base 15, what is 141ce1 - -3?
141ce4
In base 10, what is 770697 - 514?
770183
In base 12, what is 241b28 + -b1?
241a37
In base 3, what is -1010201010 - 210122?
-1011111202
In base 2, what is 110 - -11000101111011111?
11000101111100101
In base 13, what is 9247a01 - 2?
92479cc
In base 12, what is 855a17 - -18?
855a33
In base 12, what is -134754 - a8?
-134840
In base 16, what is 1b + c3f068?
c3f083
In base 11, what is 1 + -959a8?
-959a7
In base 5, what is 1243003411 + 4?
1243003420
In base 2, what is 1100000100 - 111100011010000?
-111010111001100
In base 6, what is 22 + 100404001?
100404023
In base 3, what is -11 + 122111102211011?
122111102211000
In base 13, what is -22a9 + 421?
-1b88
In base 4, what is -2302111 + 33303?
-2202202
In base 12, what is -2a8 + -157666?
-157952
In base 2, what is 111 + -110100110111110001101101000?
-110100110111110001101100001
In base 7, what is 6665605 + 4?
6665612
In base 8, what is -3 + 573167356?
573167353
In base 15, what is 1c2 - 1dbbc?
-1d9ea
In base 9, what is 36 - 471143?
-471106
In base 16, what is b1f7525 - -5?
b1f752a
In base 11, what is -2439 - -90454?
89016
In base 6, what is -5153201 - 3124?
-5200325
In base 3, what is -12 - 1222000201022200?
-1222000201022212
In base 15, what is 29 + -7ad8?
-7aae
In base 3, what is 10 + 20222101100212?
20222101100222
In base 3, what is 122000020111001112 + 0?
122000020111001112
In base 5, what is 11 - -1100420331?
1100420342
In base 7, what is -11006 - 3635?
-14644
In base 13, what is -7 - 68c542?
-68c549
In base 7, what is 2613 + 11304415?
11310331
In base 6, what is -22 + 235404153?
235404131
In base 4, what is 2002 - 2230313320?
-2230311312
In base 4, what is -1033032121 + -130113?
-1033222300
In base 9, what is 338063500 + 1?
338063501
In base 11, what is -180225 + 398?
-17a938
In base 7, what is 5 - 13604066?
-13604061
In base 3, what is 110202 + -12202000111?
-12201112202
In base 14, what is a5 + 120c73?
120d38
In base 10, what is -8 - -992635?
992627
In base 4, what is 102213 + -221201132?
-221032313
In base 11, what is -9048 + -20640?
-29688
In base 2, what is 11110011000 + -110000100111110101?
-110000001001011101
In base 8, what is 41 + -153203?
-153142
In base 5, what is -104031331 - 443?
-104032324
In base 5, what is -11 - 23130021110?
-23130021121
In base 3, what is 12001201122020 - -12?
12001201122102
In base 2, what is 1110111000 + -10001111100001111100?
-10001111010011000100
In base 2, what is 10001111001111110101101101100 + -10?
10001111001111110101101101010
In base 2, what is 1110001110010 + 10000111001?
10000010101011
In base 12, what is b - 37768a?
-37767b
In base 6, what is 232545443055 - -5?
232545443104
In base 6, what is -523 - 450403?
-451330
In base 4, what is 23000333 + 2100303?
31101302
In base 9, what is -4 + 632560?
632555
In base 6, what is 3103343 - 1115?
3102224
In base 7, what is -104 + -462513232?
-462513336
In base 9, what is 62 + -26144252?
-26144180
In base 14, what is -9431 + -4c?
-947d
In base 3, what is -102 - 1100122021021?
-1100122021200
In base 11, what is -223 - 12134?
-12357
In base 12, what is 4 + 220a5182?
220a5186
In base 10, what is 733048 + -30?
733018
In base 10, what is 2 - 13917751?
-13917749
In base 5, what is 101432420042 - 1?
101432420041
In base 11, what is -3 - 581665?
-581668
In base 15, what is -6 - -3e656ec?
3e656e6
In base 5, what is 1330140 - 1241?
1323344
In base 7, what is 2054046 + -1451?
2052265
In base 4, what is 1 - 10331302013223?
-10331302013222
In base 10, what is 7386 + 8853?
16239
In base 14, what is -1c6189aa + 4?
-1c6189a6
In base 4, what is 1302030 + 320000?
2222030
In base 12, what is 6a272 - 7?
6a267
In base 9, what is 561 - 72584?
-72023
In base 3, what is -1 + -1100002101120010?
-1100002101120011
In base 14, what is -4ab2 - -4?
-4aac
In base 16, what is -22 - ea5a?
-ea7c
In base 9, what is -22 + -534440?
-534462
In base 11, what is 851964 - 169?
8517a6
In base 7, what is -3 - -2540246341?
2540246335
In base 7, what is 12 - -5636416?
5636431
In base 4, what is 1310211101120 - -11?
1310211101131
In base 14, what is -11d + 1b8cb?
1b7ac
In base 15, what is -67 - 29b14?
-29b7b
In base 7, what is 32621503 + -2?
32621501
In base 12, what is 25575 - -1ab?
25764
In base 8, what is -152725034 + 0?
-152725034
In base 6, what is -1 - 454250305?
-454250310
In base 10, what is 123724 + 808?
124532
In base 11, what is -1218274 - -12?
-1218262
In base 7, what is -5 - 14630053?
-14630061
In base 3, what is -22122201111 - 1100?
-22122202211
In base 6, what is 25052 - -23130?
52222
In base 11, what is 2 + 34072a2?
34072a4
In base 14, what is 1 - 74c175?
-74c174
In base 15, what is 10c65a6 - -31?
10c65d7
In base 12, what is 7454 + -232a4?
-17a50
In base 3, what is -101 - -1020222100020120?
1020222100020012
In base 5, what is 21430 + 30010?
101440
In base 13, what is b97 + 7a73?
893a
In base 5, what is -31331 - 143141?
-230022
In base 2, what is 100101 + 111000110010011000?
111000110010111101
In base 11, what is -1417 - -1a4381?
1a2a65
In base 6, what is -10203014301 + -2?
-10203014303
In base 4, what is -332102123131312 - -1?
-332102123131311
In base 15, what is -34 - 3e3a40?
-3e3a74
In base 16, what is -3 + 30cc4b?
30cc48
In base 13, what is -3c48 + 6cb?
-354a
In base 7, what is 1614 - 66355?
-64441
In base 12, what is -23b2a1 - -1?
-23b2a0
In base 15, what is -6498 + -14a2?
-794a
In base 5, what is -1042 - -111034030?
111032433
In base 14, what is 3573 - -3a7?
393a
In base 9, what is 25667 - -270?
26047
In base 9, what is -6 + -1041761?
-1041767
In base 3, what is 12 - 102210002011222?
-102210002011210
In base 3, what is 200122012111001 + 2?
200122012111010
In base 3, what is 202200120 + 12201?
202220021
In base 9, what is 3 + -36541584?
-36541581
In base 4, what is 11310 - -31131132?
31203102
In base 4, what is -111300132300 - -1?
-111300132233
In base 5, what is 311314 - -13112?
324431
In base 8, what is -47102026 - 4?
-47102032
In base 10, what is -4 - 169004182?
-169004186
In base 8, what is 122762 + -211?
122551
In base 7, what is 2213 - 4425461?
-4423245
In base 4, what is 3202331021 - 2?
3202331013
In base 4, what is -11 + -311221221312?
-311221221323
In base 14, what is 5 + -7b9d9b?
-7b9d96
In base 11, what is -84675 - 750?
-85315
In base 14, what is 175 + -4958?
-47c3
In base 14, what is -1 + d8c71?
d8c70
In base 11, what is 13668404 - 8?
136683a7
In base 9, what is -34727 + -625?
-35453
In base 13, what is 7a3 + 1bc04?
1c6a7
In base 5, what is 2234 - 220314341?
-220312102
In base 14, what is -496 + -5b77d?
-5bc35
In base 3, what is -10 + 20001210000012221?
20001210000012211
In base 16, what is -4d - -183493?
183446
In base 15, what is -58a60 + -356?
-58db6
In base 14, what is -2c9 + -195c?
-1c47
In base 3, what is 1122121 + 12012000111?
12020200002
In base 8, what is -15267 - 10250?
-25537
In base 2, what is 10111110101001111000 - 10111?
10111110101001100001
In base 10, what is -3 + -10776101?
-10776104
In base 2, what is -1010100110 + 111100110001100111?
111100100111000001
In base 8, what is 4213 - -24441?
30654
In base 11, what is 7 + 9291606?
9291612
In base 13, what is 3bc4 + -b35?
308c
In base 8, what is 251 - -1507320?
1507571
In base 14, what is 38d8 - 339?
359d
In base 13, what is 46 - 14ca799?
-14ca753
In base 4, what is -1030 + -1312102002?
-1312103032
In base 4, what is -1 + 3312110000311?
3312110000310
In base 10, what is 447574985 + 2?
447574987
In base 15, what is -412b250 + -2?
-412b252
In base 9, what is -14 + -121660235?
-121660250
In base 14, what is 1d - 5dcc53?
-5dcc34
In base 5, wh